{"id":81,"date":"2022-01-06T08:47:09","date_gmt":"2022-01-06T08:47:09","guid":{"rendered":"https:\/\/ol-owl.de\/?page_id=81"},"modified":"2022-10-11T14:48:49","modified_gmt":"2022-10-11T14:48:49","slug":"dm-mittel-2018","status":"publish","type":"page","link":"https:\/\/ol-owl.de\/?page_id=81","title":{"rendered":"DM Mittel 2018"},"content":{"rendered":"\n<p>Nach unseren Deb\u00fct auf Bundesebene 2014 hatten wir uns wieder zu einer Bundesveranstaltung zusammen gefunden. Diesmal sollten es die Meisterschaften in der Mitteldistanz werden. Zentraler Ort war Hillentrup, ein Dorf der Gemeinde D\u00f6rnetrup. Das Gel\u00e4nde war im westlichen Teil schon in den 90er Jahren f\u00fcr eine DM Lang genutzt worden, der gr\u00f6\u00dfte Teil des Mitteldistanz Gel\u00e4ndes war aber neu f\u00fcr die Veranstaltung kartiert worden. In dem schnellen Wald galt es die H\u00f6henmeter richtig einzusch\u00e4tzen und m\u00f6glichst geringe Ungenauigkeiten beim Kompasslauf zu erzielen, um die Titel zu gewinnen. <\/p>\n\n\n\n<p>Ergebnisse der Deutschen Meisterschaften Mitteldistanz 2018<\/p>\n\n\n\n<div data-wp-interactive=\"core\/file\" class=\"wp-block-file\"><object data-wp-bind--hidden=\"!state.hasPdfPreview\" hidden class=\"wp-block-file__embed\" data=\"https:\/\/ol-owl.de\/wp-content\/uploads\/2022\/10\/dmm20180908ergbnisse_kat.pdf\" type=\"application\/pdf\" style=\"width:100%;height:600px\" aria-label=\"Einbettung von Einbettung von dmm20180908ergbnisse_kat..\"><\/object><a id=\"wp-block-file--media-54b373f9-db36-4544-a31a-cc8133f85c27\" href=\"https:\/\/ol-owl.de\/wp-content\/uploads\/2022\/10\/dmm20180908ergbnisse_kat.pdf\">dmm20180908ergbnisse_kat<\/a><a href=\"https:\/\/ol-owl.de\/wp-content\/uploads\/2022\/10\/dmm20180908ergbnisse_kat.pdf\" class=\"wp-block-file__button\" download aria-describedby=\"wp-block-file--media-54b373f9-db36-4544-a31a-cc8133f85c27\">Herunterladen<\/a><\/div>\n\n\n\n<div data-wp-interactive=\"core\/file\" class=\"wp-block-file\"><object data-wp-bind--hidden=\"!state.hasPdfPreview\" hidden class=\"wp-block-file__embed\" data=\"https:\/\/ol-owl.de\/wp-content\/uploads\/2022\/10\/dmm20180908ergebnisse_kat_split.pdf\" type=\"application\/pdf\" style=\"width:100%;height:600px\" aria-label=\"Einbettung von Einbettung von dmm20180908ergebnisse_kat_split..\"><\/object><a id=\"wp-block-file--media-3c32447e-d391-40c3-8b37-d25d9eb054c9\" href=\"https:\/\/ol-owl.de\/wp-content\/uploads\/2022\/10\/dmm20180908ergebnisse_kat_split.pdf\">dmm20180908ergebnisse_kat_split<\/a><a href=\"https:\/\/ol-owl.de\/wp-content\/uploads\/2022\/10\/dmm20180908ergebnisse_kat_split.pdf\" class=\"wp-block-file__button\" download aria-describedby=\"wp-block-file--media-3c32447e-d391-40c3-8b37-d25d9eb054c9\">Herunterladen<\/a><\/div>\n\n\n\n<div data-wp-interactive=\"core\/file\" class=\"wp-block-file\"><object data-wp-bind--hidden=\"!state.hasPdfPreview\" hidden class=\"wp-block-file__embed\" data=\"https:\/\/ol-owl.de\/wp-content\/uploads\/2022\/10\/dmm20180908ergebnisse_bahn_split.pdf\" type=\"application\/pdf\" style=\"width:100%;height:600px\" aria-label=\"Einbettung von Einbettung von dmm20180908ergebnisse_bahn_split..\"><\/object><a id=\"wp-block-file--media-7b168294-8b61-400d-b58f-2d14cc18249e\" href=\"https:\/\/ol-owl.de\/wp-content\/uploads\/2022\/10\/dmm20180908ergebnisse_bahn_split.pdf\">dmm20180908ergebnisse_bahn_split<\/a><a href=\"https:\/\/ol-owl.de\/wp-content\/uploads\/2022\/10\/dmm20180908ergebnisse_bahn_split.pdf\" class=\"wp-block-file__button\" download aria-describedby=\"wp-block-file--media-7b168294-8b61-400d-b58f-2d14cc18249e\">Herunterladen<\/a><\/div>\n\n\n\n<p>Ergebnisse Bundesranglistenlauf 2018<\/p>\n\n\n\n<div data-wp-interactive=\"core\/file\" class=\"wp-block-file\"><object data-wp-bind--hidden=\"!state.hasPdfPreview\" hidden class=\"wp-block-file__embed\" data=\"https:\/\/ol-owl.de\/wp-content\/uploads\/2022\/10\/brl20180909ergbnisse_kat.pdf\" type=\"application\/pdf\" style=\"width:100%;height:600px\" aria-label=\"Einbettung von Einbettung von brl20180909ergbnisse_kat..\"><\/object><a id=\"wp-block-file--media-8be54238-7920-4a2e-b525-52f8c15ca8b6\" href=\"https:\/\/ol-owl.de\/wp-content\/uploads\/2022\/10\/brl20180909ergbnisse_kat.pdf\">brl20180909ergbnisse_kat<\/a><a href=\"https:\/\/ol-owl.de\/wp-content\/uploads\/2022\/10\/brl20180909ergbnisse_kat.pdf\" class=\"wp-block-file__button\" download aria-describedby=\"wp-block-file--media-8be54238-7920-4a2e-b525-52f8c15ca8b6\">Herunterladen<\/a><\/div>\n\n\n\n<div data-wp-interactive=\"core\/file\" class=\"wp-block-file\"><object data-wp-bind--hidden=\"!state.hasPdfPreview\" hidden class=\"wp-block-file__embed\" data=\"https:\/\/ol-owl.de\/wp-content\/uploads\/2022\/10\/brl20180909ergebnisse_kat_split.pdf\" type=\"application\/pdf\" style=\"width:100%;height:600px\" aria-label=\"Einbettung von Einbettung von brl20180909ergebnisse_kat_split..\"><\/object><a id=\"wp-block-file--media-87bb7dce-5b7c-4d3a-8dbf-2b4ff2861d3b\" href=\"https:\/\/ol-owl.de\/wp-content\/uploads\/2022\/10\/brl20180909ergebnisse_kat_split.pdf\">brl20180909ergebnisse_kat_split<\/a><a href=\"https:\/\/ol-owl.de\/wp-content\/uploads\/2022\/10\/brl20180909ergebnisse_kat_split.pdf\" class=\"wp-block-file__button\" download aria-describedby=\"wp-block-file--media-87bb7dce-5b7c-4d3a-8dbf-2b4ff2861d3b\">Herunterladen<\/a><\/div>\n\n\n\n<div data-wp-interactive=\"core\/file\" class=\"wp-block-file\"><object data-wp-bind--hidden=\"!state.hasPdfPreview\" hidden class=\"wp-block-file__embed\" data=\"https:\/\/ol-owl.de\/wp-content\/uploads\/2022\/10\/brl20180909ergebnisse_bahn_split.pdf\" type=\"application\/pdf\" style=\"width:100%;height:600px\" aria-label=\"Einbettung von Einbettung von brl20180909ergebnisse_bahn_split..\"><\/object><a id=\"wp-block-file--media-9946b215-146d-49d5-8e4a-af21d2e28d17\" href=\"https:\/\/ol-owl.de\/wp-content\/uploads\/2022\/10\/brl20180909ergebnisse_bahn_split.pdf\">brl20180909ergebnisse_bahn_split<\/a><a href=\"https:\/\/ol-owl.de\/wp-content\/uploads\/2022\/10\/brl20180909ergebnisse_bahn_split.pdf\" class=\"wp-block-file__button\" download aria-describedby=\"wp-block-file--media-9946b215-146d-49d5-8e4a-af21d2e28d17\">Herunterladen<\/a><\/div>\n","protected":false},"excerpt":{"rendered":"<p>Nach unseren Deb\u00fct auf Bundesebene 2014 hatten wir uns wieder zu einer Bundesveranstaltung zusammen gefunden. Diesmal sollten es die Meisterschaften in der Mitteldistanz werden. Zentraler Ort war Hillentrup, ein Dorf der Gemeinde D\u00f6rnetrup. Das Gel\u00e4nde war im westlichen Teil schon in den 90er Jahren f\u00fcr eine DM Lang genutzt worden, der gr\u00f6\u00dfte Teil des Mitteldistanz Gel\u00e4ndes war aber neu f\u00fcr die Veranstaltung kartiert worden. In dem schnellen Wald galt es die H\u00f6henmeter richtig einzusch\u00e4tzen und m\u00f6glichst geringe Ungenauigkeiten beim Kompasslauf&#8230;<\/p>\n<p class=\"read-more\"><a class=\"btn btn-default\" href=\"https:\/\/ol-owl.de\/?page_id=81\">Weiterlesen<span class=\"screen-reader-text\"> Weiterlesen<\/span><\/a><\/p>\n","protected":false},"author":1,"featured_media":0,"parent":0,"menu_order":0,"comment_status":"closed","ping_status":"closed","template":"","meta":{"footnotes":""},"class_list":["post-81","page","type-page","status-publish","hentry"],"_links":{"self":[{"href":"https:\/\/ol-owl.de\/index.php?rest_route=\/wp\/v2\/pages\/81","targetHints":{"allow":["GET"]}}],"collection":[{"href":"https:\/\/ol-owl.de\/index.php?rest_route=\/wp\/v2\/pages"}],"about":[{"href":"https:\/\/ol-owl.de\/index.php?rest_route=\/wp\/v2\/types\/page"}],"author":[{"embeddable":true,"href":"https:\/\/ol-owl.de\/index.php?rest_route=\/wp\/v2\/users\/1"}],"replies":[{"embeddable":true,"href":"https:\/\/ol-owl.de\/index.php?rest_route=%2Fwp%2Fv2%2Fcomments&post=81"}],"version-history":[{"count":3,"href":"https:\/\/ol-owl.de\/index.php?rest_route=\/wp\/v2\/pages\/81\/revisions"}],"predecessor-version":[{"id":190,"href":"https:\/\/ol-owl.de\/index.php?rest_route=\/wp\/v2\/pages\/81\/revisions\/190"}],"wp:attachment":[{"href":"https:\/\/ol-owl.de\/index.php?rest_route=%2Fwp%2Fv2%2Fmedia&parent=81"}],"curies":[{"name":"wp","href":"https:\/\/api.w.org\/{rel}","templated":true}]}}